der when 306 is divided by 13?
7
What is the remainder when 68 is divided by 10?
8
What is the remainder when 501 is divided by 63?
60
Calculate the remainder when 144 is divided by 19.
11
Calculate the remainder when 14013 is divided by 24.
21
Calculate the remainder when 873 is divided by 38.
37
What is the remainder when 5667 is divided by 2831?
5
Calculate the remainder when 285 is divided by 27.
15
What is the remainder when 1041 is divided by 6?
3
Calculate the remainder when 471 is divided by 118.
117
What is the remainder when 241 is divided by 116?
9
What is the remainder when 173 is divided by 66?
41
What is the remainder when 31094 is divided by 426?
422
Calculate the remainder when 1651 is divided by 46.
41
What is the remainder when 1677 is divided by 80?
77
Calculate the remainder when 1580 is divided by 14.
12
What is the remainder when 677 is divided by 116?
97
What is the remainder when 166 is divided by 49?
19
What is the remainder when 236 is divided by 34?
32
What is the remainder when 1993 is divided by 993?
7
What is the remainder when 695 is divided by 50?
45
Calculate the remainder when 2841 is divided by 14.
13
What is the remainder when 248 is divided by 50?
48
What is the remainder when 106 is divided by 56?
50
Calculate the remainder when 102 is divided by 53.
49
Calculate the remainder when 474 is divided by 41.
23
Calculate the remainder when 188 is divided by 8.
4
Calculate the remainder when 803 is divided by 4.
3
What is the remainder when 1332 is divided by 29?
27
Calculate the remainder when 83 is divided by 30.
23
Calculate the remainder when 1024 is divided by 10.
4
Calculate the remainder when 1212 is divided by 24.
12
Calculate the remainder when 362 is divided by 57.
20
What is the remainder when 3688 is divided by 30?
28
Calculate the remainder when 240 is divided by 115.
10
Calculate the remainder when 82 is divided by 74.
8
Calculate the remainder when 53 is divided by 8.
5
Calculate the remainder when 458 is divided by 11.
7
What is the remainder when 1045 is divided by 121?
77
Calculate the remainder when 266 is divided by 36.
14
What is the remainder when 615 is divided by 73?
31
What is the remainder when 10709 is divided by 34?
33
Calculate the remainder when 1705 is divided by 34.
5
What is the remainder when 806 is divided by 262?
20
Calculate the remainder when 2194 is divided by 36.
34
Calculate the remainder when 506 is divided by 166.
8
What is the remainder when 195 is divided by 34?
25
What is the remainder when 5414 is divided by 8?
6
What is the remainder when 5 is divided by 4?
1
What is the remainder when 508 is divided by 3?
1
What is the remainder when 614 is divided by 56?
54
Calculate the remainder when 2913 is divided by 11.
9
What is the remainder when 47 is divided by 27?
20
What is the remainder when 736 is divided by 186?
178
Calculate the remainder when 224 is divided by 38.
34
What is the remainder when 36 is divided by 19?
17
Calculate the remainder when 372 is divided by 95.
87
What is the remainder when 2680 is divided by 888?
16
What is the remainder when 4937 is divided by 53?
8
Calculate the remainder when 738 is divided by 20.
18
What is the remainder when 2992 is divided by 158?
148
Calculate the remainder when 162 is divided by 44.
30
Calculate the remainder when 948 is divided by 161.
143
What is the remainder when 79 is divided by 22?
13
What is the remainder when 4221 is divided by 48?
45
What is the remainder when 871 is divided by 130?
91
What is the remainder when 108 is divided by 43?
22
Calculate the remainder when 1150 is divided by 81.
16
Calculate the remainder when 1590 is divided by 4.
2
Calculate the remainder when 189 is divided by 19.
18
What is the remainder when 242 is divided by 128?
114
Calculate the remainder when 797 is divided by 16.
13
What is the remainder when 978 is divided by 480?
18
What is the remainder when 727 is divided by 363?
1
What is the remainder when 415 is divided by 83?
0
What is the remainder when 3210 is divided by 13?
12
Calculate the remainder when 1263 is divided by 83.
18
What is the remainder when 131 is divided by 113?
18
What is the remainder when 1333 is divided by 20?
13
What is the remainder when 857 is divided by 145?
132
What is the remainder when 343 is divided by 51?
37
Calculate the remainder when 136 is divided by 79.
57
Calculate the remainder when 223 is divided by 26.
15
Calculate the remainder when 3262 is divided by 102.
100
What is the remainder when 10065 is divided by 7?
6
Calculate the remainder when 18214 is divided by 92.
90
Calculate the remainder when 2076 is divided by 65.
61
Calculate the remainder when 70 is divided by 62.
8
Calculate the remainder when 1323 is divided by 39.
36
What is the remainder when 2538 is divided by 41?
37
Calculate the remainder when 2912 is divided by 162.
158
Calculate the remainder when 2076 is divided by 31.
30
Calculate the remainder when 231 is divided by 66.
33
Calculate the remainder when 353 is divided by 26.
15
What is the remainder when 80 is divided by 6?
2
What is the remainder when 249 is divided by 41?
3
Calculate the remainder when 184 is divided by 19.
13
Calculate the remainder when 1627 is divided by 397.
39
What is the remainder when 158 is divided by 8?
6
Calculate the remainder when 1407 is divided by 39.
3
What is the remainder when 2450 is divided by 145?
130
Calculate the remainder when 1295 is divided by 65.
60
Calculate the remainder when 156 is divided by 17.
3
Calculate the remainder when 167 is divided by 7.
6
Calculate the remainder when 466 is divided by 67.
64
Calculate the remainder when 96 is divided by 6.
0
Calculate the remainder when 195 is divided by 54.
33
What is the remainder when 797 is divided by 6?
5
What is the remainder when 1011 is divided by 73?
62
Calculate the remainder when 461 is divided by 450.
11
Calculate the remainder when 2127 is divided by 26.
21
What is the remainder when 51448 is divided by 245?
243
What is the remainder when 250 is divided by 44?
30
Calculate the remainder when 66 is divided by 59.
7
What is the remainder when 159 is divided by 23?
21
What is the remainder when 250 is divided by 42?
40
What is the remainder when 1273 is divided by 56?
41
Calculate the remainder when 261 is divided by 84.
9
Calculate the remainder when 169 is divided by 25.
19
Calculate the remainder when 80 is divided by 43.
37
Calculate the remainder when 7361 is divided by 37.
35
What is the remainder when 418 is divided by 24?
10
What is the remainder when 1327 is divided by 634?
59
Calculate the remainder when 78 is divided by 26.
0
What is the remainder when 136 is divided by 45?
1
What is the remainder when 2098 is divided by 11?
8
What is the remainder when 424 is divided by 101?
20
Calculate the remainder when 109 is divided by 4.
1
Calculate the remainder when 1685 is divided by 42.
5
Calculate the remainder when 376 is divided by 43.
32
What is the remainder when 214 is divided by 7?
4
What is the remainder when 350 is divided by 116?
2
What is the remainder when 6511 is divided by 296?
295
Calculate the remainder when 350 is divided by 39.
38
What is the remainder when 45 is divided by 16?
13
Calculate the remainder when 66 is divided by 35.
31
Calculate the remainder when 277 is divided by 40.
37
What is the remainder when 137 is divided by 49?
39
Calculate the remainder when 1021 is divided by 14.
13
Calculate the remainder when 269 is divided by 73.
50
What is the remainder when 930 is divided by 104?
98
Calculate the remainder when 614 is divided by 47.
3
Calculate the remainder when 112 is divided by 25.
12
Calculate the remainder when 517 is divided by 202.
113
What is the remainder when 118 is divided by 94?
24
Calculate the remainder when 718 is divided by 354.
10
Calculate the remainder when 127 is divided by 72.
55
What is the remainder when 80 is divided by 52?
28
What is the remainder when 452 is divided by 35?
32
What is the remainder when 662 is divided by 18?
14
What is the remainder when 35529 is divided by 27?
24
Calculate the remainder when 805 is divided by 158.
15
Calculate the remainder when 1946 is divided by 33.
32
Calculate the remainder when 185 is divided by 50.
35
Calculate the r